b(y) = 29*y**2 + 8056*y - 8058. What is b(1)?
27
Let i(n) = n**3 - 103*n**2 - 311*n - 387. What is i(106)?
355
Let c(s) = s**2 + 2002*s - 77885. What is c(38)?
-365
Let t(g) = 8*g**2 - 1184*g + 5711. Determine t(5).
-9
Let y(q) = -11987*q + 12354. Give y(1).
367
Let l(x) = -991*x**2 - 22812*x - 405. Determine l(-23).
32
Let f(b) = -19*b**3 - 12*b**2 - 219*b + 1324. Determine f(6).
-4526
Let i(n) = -2*n**2 - 233*n + 35087. Determine i(-202).
545
Let x(u) = -4869*u - 389514. What is x(-80)?
6
Let s(h) = -3579991*h + 17899938. Give s(5).
-17
Let t(x) = 9*x**3 + 1664*x**2 - 189*x - 929. Determine t(-185).
-189
Let f(r) = -40606*r - 243655. What is f(-6)?
-19
Let k(t) = -t**3 - 40*t**2 - 40*t + 1525. Determine k(-36).
-2219
Let l(u) = -2204*u + 79425. Determine l(36).
81
Let f(c) = -11134*c - 178126. What is f(-16)?
18
Let n(a) = a**3 + 17*a**2 - 37*a - 765. Determine n(-15).
240
Let v(j) = -43790*j - 3722155. What is v(-85)?
-5
Let m(w) = 7*w**2 + 17*w - 499. Determine m(0).
-499
Let v(z) = 1698*z - 983190. Calculate v(579).
-48
Let m(h) = 14*h**3 - 1039*h**2 + 6788*h - 1403. Calculate m(67).
4
Let n(q) = -2*q**2 - 896*q - 52598. Give n(-378).
322
Let d(t) = 5773*t - 981408. Calculate d(170).
2
Let b(h) = -2*h**3 + 83*h**2 - 354*h + 409. What is b(37)?
-368
Let u(c) = -2*c**2 + 390*c + 267352. Determine u(-281).
-160
Let w(a) = -a**2 - 174*a - 8067. Calculate w(-70).
-787
Let t(h) = h**2 - 1788*h - 19796. What is t(-11)?
-7
Let c(z) = 6*z**2 + 585*z - 160663. What is c(122)?
11
Let p(r) = 647*r - 87365. Calculate p(135).
-20
Let g(i) = -38*i + 1426. What is g(37)?
20
Let o(q) = -4*q**3 + 8539*q**2 - 25611*q + 3. Determine o(3).
-87
Let g(u) = u**2 + 8586*u + 3452959. Calculate g(-423).
10
Let t(k) = k**2 + 83*k - 484. Determine t(7).
146
Let a(v) = 907*v + 247766. What is a(-274)?
-752
Let o(a) = -a**2 - 5476*a - 222866. Determine o(-41).
-31
Let a(b) = -2264*b - 9551. Determine a(-5).
1769
Let n(v) = -2*v**3 + 99*v**2 - 1093*v + 12. Determine n(33).
-120
Let u(r) = r**3 + 21*r**2 + 2576*r + 39936. What is u(-16)?
0
Let u(b) = -6*b**2 - 314*b + 890. What is u(-49)?
1870
Let h(p) = 581*p + 4618. What is h(-9)?
-611
Let m(c) = 3190*c - 252541. What is m(79)?
-531
Let v(d) = -59*d**2 - 383004*d - 383004. What is v(-1)?
-59
Let u(d) = -2*d**2 + 390*d + 3598. What is u(-9)?
-74
Let b(f) = -f**3 - 52*f**2 - 699*f - 9926. What is b(-41)?
242
Let m(p) = -p**2 - 418*p - 26287. Determine m(-79).
494
Let i(t) = 223919*t + 17913517. What is i(-80)?
-3
Let q(g) = -8408*g - 9068. What is q(-1)?
-660
Let n(x) = -2*x**2 + 8257*x + 596324. What is n(-71)?
-5
Let b(x) = -x**2 + 241*x - 14321. What is b(133)?
43
Let c(s) = -2*s**3 + 86*s**2 - 613*s + 444. What is c(7)?
-319
Let h(t) = -t**3 + 8*t**2 - 26. Calculate h(9).
-107
Let a(i) = -7887*i + 75269. Give a(10).
-3601
Let c(k) = -85*k - 6190. Calculate c(-88).
1290
Let n(o) = 4347*o + 48628. What is n(-11)?
811
Let z(c) = 11472*c + 848926. Give z(-74).
-2
Let t(y) = 31009*y - 218197. Determine t(7).
-1134
Let s(v) = 3*v**3 + 20*v**2 - 42*v - 1. What is s(2)?
19
Let w(o) = o**3 + 101*o**2 + 358*o + 6376. Calculate w(-98).
104
Let u(q) = -q**3 + 202*q**2 - 389*q - 1486. Calculate u(200).
714
Let f(h) = -1158*h + 248920. Give f(215).
-50
Let l(h) = 4084*h - 8195. Give l(2).
-27
Let g(p) = 2*p**2 + 2396*p + 35481. Calculate g(-15).
-9
Let y(x) = -177*x + 48720. What is y(275)?
45
Let a(c) = -272*c + 921. Give a(-2).
1465
Let d(v) = 316*v**2 + 2517*v - 45. Determine d(-8).
43
Let t(s) = -s**3 - 38*s**2 + 13263*s + 492114. Give t(-37).
14
Let g(r) = 27896*r - 557907. Determine g(20).
13
Let j(g) = -18*g**2 + 84104*g + 673977. Give j(-8).
-7
Let r(o) = -5*o**2 + 1488*o + 119995. Determine r(-66).
7
Let p(x) = 154*x - 11106. Give p(83).
1676
Let s(v) = 32*v**2 - 389*v - 1575. Calculate s(-4).
493
Let c(f) = -f**3 - 2*f**2 + 31*f + 262. Determine c(-7).
290
Let y(s) = 1431*s**2 - 34343*s - 30. Give y(24).
-6
Let t(p) = -189*p**2 - 9649*p - 11. What is t(-51)?
499
Let i(y) = -8366*y + 41781. Give i(5).
-49
Let s(n) = 27*n**3 - 97*n**2 + 90*n - 288. Determine s(3).
-162
Let t(o) = 147155*o - 2207348. What is t(15)?
-23
Let g(m) = -94*m + 124. Give g(-7).
782
Let m(i) = -495197*i + 990399. What is m(2)?
5
Let y(m) = -408*m - 5404. Give y(-15).
716
Let c(n) = -n**3 + 34*n**2 - 2013*n + 54173. Determine c(29).
1
Let x(r) = r**3 - 9*r**2 - 2613*r + 17. Give x(0).
17
Let z(a) = -a**2 + 1358*a - 65527. What is z(50)?
-127
Let n(k) = -5603*k - 100856. What is n(-18)?
-2
Let z(p) = 3*p**2 + 275*p + 261. What is z(-95)?
1211
Let h(p) = -3*p**3 - 2370*p**2 + 575*p - 1422213. Determine h(-791).
5
Let n(d) = -25315*d + 202495. Determine n(8).
-25
Let o(y) = -2720*y**2 - 20857*y + 7218. Determine o(-8).
-6
Let w(k) = 110*k + 3887. What is w(-39)?
-403
Let m(t) = 7*t**2 + 712*t + 4472. Calculate m(-95).
7
Let g(w) = -106224*w + 424952. Determine g(4).
56
Let d(h) = h**3 - 134*h**2 + 1744*h + 618. Give d(15).
3
Let c(s) = -2*s**2 + 196*s - 2510. Give c(23).
940
Let a(j) = -19377*j + 658896. Determine a(34).
78
Let r(t) = -4*t**2 + 5977*t - 664653. Calculate r(121).
0
Let z(p) = 5*p**2 + 296*p - 578. What is z(-61)?
-29
Let f(u) = -3255*u - 2356625. What is f(-724)?
-5
Let j(b) = -18*b**2 - 298*b + 31. What is j(-17)?
-105
Let p(j) = 288*j**2 + 3477*j - 3477. Determine p(1).
288
Let v(s) = -s**3 + 6*s**2 - 64*s - 651. What is v(-5)?
-56
Let k(v) = -2*v**2 - 243176*v - 1702140. What is k(-7)?
-6
Let m(u) = 4230*u + 22018. Calculate m(-5).
868
Let u(y) = -26*y**2 - 2846*y + 4387. Determine u(-111).
-53
Let r(d) = 3*d**3 - 24*d**2 + 13*d - 59. Determine r(8).
45
Let r(s) = -11907*s - 1107360. Give r(-93).
-9
Let q(v) = 27829*v + 277975. Give q(-10).
-315
Let l(s) = 4*s**2 - 136*s - 182023. Determine l(231).
5
Let t(q) = 4*q**2 + 5220*q + 51867. What is t(-10)?
67
Let d(r) = r**2 - 335*r + 27445. What is d(189)?
-149
Let g(f) = -f**3 - 28*f**2 + 219*f + 5537. Determine g(-29).
27
Let k(u) = u**3 - 5*u**2 - 12456*u + 24915. What is k(2)?
-9
Let j(t) = t**3 + 1090*t**2 + 203383*t - 5116. What is j(-851)?
-10
Let n(j) = -j**3 - 1243*j**2 + 5279*j + 362881. What is n(-1247)?
4
Let w(r) = 255243*r - 1531531. Calculate w(6).
-73
Let u(p) = -3*p**3 - 302*p**2 + 660*p + 243. Give u(-103).
6526
Let a(m) = 25*m**3 - 18*m**2 - 32*m - 37. Give a(-3).
-778
Let v(g) = -g**3 - 622*g**2 - 616*g - 771905. Determine v(-623).
-8
Let h(a) = -1099*a - 5926. What is h(-6)?
668
Let l(h) = 4733*h + 515912. What is l(-109)?
15
Let k(i) = i**3 + 33*i**2 + 127*i - 99. What is k(-28)?
265
Let d(m) = -3*m**3 - 707*m**2 - 2429*m + 28546. Give d(-232).
10
Let u(f) = -f**3 - 55*f**2 - 183*f + 1129. Calculate u(-51).
58
Let r(g) = -g**3 + 40*g**2 - 3307*g + 127600. Give r(39).
148
Let w(q) = -6896*q + 282742. Determine w(41).
6
Let f(l) = 891*l - 457081. What is f(513)?
2
Let n(r) = 1843*r - 10049. Give n(5).
-834
Let w(s) = -s**2 + 40*s + 7759. Give w(-66).
763
Let l(r) = -r**3 - 112*r**2 + 2173*r - 1968. Calculate l(-129).
612
Let m(b) = 7*b**2 + 568*b - 5083. Calculate m(8).
-91
Let a(r) = -r**3 - 33*r**2 + 13*r + 52. Give a(-34).
766
Let y(b) = 28*b**2 - 23142*b + 34645. Calculate y(825).
-5
Let q(h) = -2*h**2 - 2122*h + 182574. Calculate q(-1141).
14
Let d(r) = -350*r**2 + 17175*r - 31. Give d(49).
1194
Let h(i) = -4596*i + 61832. Give h(14).
-2512
Let t(r) = 5*r**2 + 249*r - 400. What is t(-45)?
-1480
Let h(p) = 3*p**2 + 649*p + 10337. What is h(-199)?
-11
Let x(q) = q**3 + 728*q**2 - 616*q - 106. What is x(1)?
7
Let m(r) = 2*r**3 - 541*r**2 + 7928*r + 3428. What is m(16)?
-28
Let h(k) = k**3 - 44*k**2 - 236*k - 3193. Give h(50).
7
Let w(y) = -1061*y - 8955. Give w(-8).
-467
Let f(x) = -73*x + 1694. What is f(22)?
88
Let s(q) = -3*q**2 - 458*q - 15745. Determine s(-101).
-90
Let c(r) = -r**3 - 94*r**2 - 1759*r - 145488. Give c(-92).
-588
Let d(f) = f**3 + 27*f**2 - 130*f - 5092. Calculate d(-23).
14
Let c(m) = 10*m**2 - 569*m + 4332. Determine c(48).
60
Let v(b) = -b**3 + 23*b**2 + 18*b - 203. What is v(24)?
-347
Let z(m) = -2*m**3 - 14*m**2 - 176*m - 1029. Give z(-6).
-45
Let l(b) = -6*b**3 + 486*b**2 - 11*b + 425. Determine l(81).
-466
Let w(x) = x**3 + 13*x**2 + 51*x + 455. Determine w(-8).
367
Let t(x) = x**3 + 36*x**2 - 17109*x - 1354. Determine t(-150).
-4
Le